k + 3. Calculate the remainder when 57 is divided by a.
7
Let w be (-18)/(-5) - (-4)/10. Let x = w - -5. What is the remainder when 25 is divided by x?
7
Let r = -49 + 91. Calculate the remainder when 121 is divided by r.
37
Let w(x) = x - 7. Let i(b) = -6. Let s(y) = -3*i(y) + 4*w(y). Calculate the remainder when 41 is divided by s(6).
13
Suppose l + 3 = 8. What is the remainder when 13 is divided by l?
3
Let z = -4 - -6. Suppose 8*d = z*t + 4*d - 52, t + 5*d + 2 = 0. What is the remainder when t is divided by 4?
2
Suppose -3*w - w = -4*t - 132, t = -5*w + 195. Let p = 11 + -6. Let v = 25 - p. Calculate the remainder when w is divided by v.
18
Suppose -53 = -3*q - 2*z, -2*q - 2*q - z + 79 = 0. What is the remainder when 313 is divided by q?
19
Suppose -3*p + 4*p = 14. Suppose p = -3*b + 5*b. What is the remainder when b is divided by 4?
3
Let a(r) = -r**3 + 6*r**2 + 10*r + 4. What is the remainder when a(6) is divided by 22?
20
Suppose 40 = 83*f - 79*f. What is the remainder when 48 is divided by f?
8
Let d = -398 + 599. What is the remainder when d is divided by 29?
27
Let q = 4 + -1. Suppose -q*o + 4 = -5. Suppose -d + o = -11. Calculate the remainder when d is divided by 5.
4
Let k(g) = g**3 + 16*g**2 + 26*g - 18. What is the remainder when -2 + (-1)/(1/(-41)) is divided by k(-14)?
9
Let w(v) = 3*v - 12. Let j be w(-5). Calculate the remainder when (-1911)/j - 2/(-9) is divided by 18.
17
Suppose 6*n = 2*n + 3*g + 49, 5*n + 5*g - 70 = 0. What is the remainder when 24 is divided by n?
11
Suppose 96 = 2*x + 4*x. Calculate the remainder when 46 is divided by x.
14
Let w = -28 - -35. Calculate the remainder when 13 is divided by w.
6
Let h(u) = 30*u + 2. Calculate the remainder when h(2) is divided by 2/(-6 - (-343)/56).
14
Let z(r) = -5*r - 7. Let o(l) = 1. Let s(f) = 4*o(f) + z(f). Let w be s(-3). Suppose -w = -0*n - 2*n. What is the remainder when 11 is divided by n?
5
What is the remainder when 13 is divided by (-108)/(-6)*(-3)/(-6)?
4
Let o be (0 - (-3)/(-1)) + 0. Let t(f) = -17*f - 4. Let g = -11 + 27. What is the remainder when t(o) is divided by g?
15
Let m(j) = 2 + j**2 + 4*j - 3*j - 5*j + 0*j. What is the remainder when 18 is divided by m(5)?
4
Suppose 3*n - n = 3*l + 22, -4*n = -4*l - 40. Let m = -13 + n. What is the remainder when 220/8*(-4)/m is divided by 8?
6
Suppose -3*c - 2*j = -188, 4*c - 121 = 2*c + 3*j. Calculate the remainder when c is divided by 13.
10
Suppose 2*a = -3*a + 105. Let y(k) = 2*k**2 + 13*k - 4. What is the remainder when y(-9) is divided by a?
20
Let v(m) = m**3 + 5*m**2 - 6*m + 2. Calculate the remainder when 4 is divided by v(-6).
0
Let o be ((-2)/(-6))/((-3)/(-657)). Calculate the remainder when 18/(-30) - o/(-5) is divided by 4.
2
Let v = -69 - -104. Calculate the remainder when 65 is divided by v.
30
Let b = 89 + -40. What is the remainder when b is divided by 26?
23
Let z(w) = w**3 - 14*w**2 - 13*w - 18. Calculate the remainder when 33 is divided by z(15).
9
Let w be 8/10*(2 - 7). Let t = w + 5. What is the remainder when t is divided by 1?
0
Calculate the remainder when 4 is divided by ((-18)/(-6))/(1 - 0).
1
Let s be 3/5 - (-99)/(-15). Let y = 23 - s. What is the remainder when y is divided by 16?
13
Calculate the remainder when 2 - (-1)/(2/88) is divided by 24.
22
Suppose -6*v + 72 = 2*v. What is the remainder when (-2)/5 + 82/5 is divided by v?
7
Let k be (-115)/(-25) + 2/5. Suppose 0*f = 4*f + 2*q - 64, 4*q = -4*f + 72. Let x = f - k. Calculate the remainder when 33 is divided by x.
6
Let w = -7 + 8. Suppose 26 = 5*g + 2*d, 2*d - 3 = g - 1. Suppose 2*n - 5*q = -6, 4*n = 3*n + g*q - 6. What is the remainder when n is divided by w?
0
Let g = 26 - -7. What is the remainder when g is divided by 18?
15
Let u be 15 + (-4 + 2)/2. Suppose 0 = -4*m + 86 - u. What is the remainder when m is divided by 10?
8
Let b(k) = -k**2 + 1. Let c(s) = s**2 + 7*s + 5. Let p(j) = -b(j) + c(j). Let n(i) = i + 7. What is the remainder when p(-5) is divided by n(0)?
5
Let o = -9 - -16. Calculate the remainder when 25 is divided by o.
4
Let i be 18 - (0/(-2))/3. Let c = i + -36. Let a = c - -33. Calculate the remainder when a is divided by 8.
7
Let k = -9 + 6. Calculate the remainder when k*(-1 + 0) - -34 is divided by 13.
11
Suppose -16 = -4*r - 0*r. Suppose r*b + b = 740. Calculate the remainder when b/6 + 3/9 is divided by 9.
7
Suppose 5*p = 3*n + 178, 5*n = 4*p - 0 - 145. Calculate the remainder when p is divided by 12.
11
Suppose 0 = 3*t - 4 + 94. Let s = 0 - t. What is the remainder when s is divided by 11?
8
Suppose 0 = -5*i + 2*i + 30. Let l(c) = c**3 + 8*c**2 - 11*c - 13. Let b be l(-9). Suppose -87 = 2*v - b*v. What is the remainder when v is divided by i?
9
Suppose 2*s + 2*s = 0. What is the remainder when 16 is divided by 2*(s - (-18)/4)?
7
Let q = 38 - 30. What is the remainder when 23 is divided by q?
7
Suppose 0 = -3*r + 3*a + 72, 0 = -3*r - 2*a + 52 + 10. What is the remainder when r is divided by 6?
4
Suppose -13*q + 918 = -4*q. What is the remainder when q is divided by 35?
32
Suppose 4*v - q = -0*q + 32, 0 = 3*q. Let y be 5/(5/42) - 0. Let g = y + -12. What is the remainder when g is divided by v?
6
Let u = -3 + 10. Calculate the remainder when 18 is divided by u.
4
Let x(i) be the third derivative of i**5/30 + 5*i**4/24 + 2*i**3/3 - 4*i**2. Let n be 11/(-3) + (-2)/(-3). What is the remainder when x(n) is divided by 4?
3
Suppose n + 5*c + 1 = -2, 3*n + 2*c = -9. Let a(x) = 4*x**2 + 2*x - 2. Calculate the remainder when a(n) is divided by 15.
13
Suppose -6*t - 4 = -4*t - 4*w, 0 = -3*t + 2*w + 2. Suppose -t*q - 2*q = -64. Calculate the remainder when 46 is divided by q.
14
Let i(l) = l. Let x(u) = 60*u - 1. Let q(s) = 5*i(s) + x(s). Let w be q(1). Suppose 0*o + w = 2*o. Calculate the remainder when o is divided by 11.
10
Let h(y) = -y**3 - 12*y**2 - y + 17. Calculate the remainder when 57 is divided by h(-12).
28
Let f = -16 + 26. Suppose 3*y - f = 17. What is the remainder when 35 is divided by y?
8
Let s = -13 + 27. What is the remainder when s is divided by 1 + (-14)/(-4) - (-4)/8?
4
Let k = 9 - 1. Calculate the remainder when 15 is divided by k.
7
Let q = 59 + -42. Let n = -9 + q. Let k(l) = l**2 + 2*l + 2. Calculate the remainder when n is divided by k(-3).
3
Suppose 3*a - 4*f = -8, 6*a = a + 4*f. What is the remainder when 13 is divided by a?
1
Let s be 6/18 + 10/6. Suppose 5*q - s = 18. What is the remainder when 15 is divided by q?
3
Let p be (4/(-6))/((-8)/60). Let h = 0 + p. Suppose h = -g + 2*g. What is the remainder when 14 is divided by g?
4
Let a(l) = l**2 + 10*l - 18. Suppose 4*x - 410 = -x. Calculate the remainder when x is divided by a(-13).
19
Suppose -w + 13 = 3*w - 3*n, 5*w = 3*n + 17. Suppose -2*s - 162 = -w*s. Calculate the remainder when s is divided by 21.
18
Suppose -3*h + 4*h = 3. Suppose 5*c - 22 = h*c. Calculate the remainder when 42 is divided by c.
9
Let r = 32 - 15. Suppose t + 0*t + 4*a - 15 = 0, -2*t + a = -3. Suppose 0 = 3*p - 12, -p = -t*w + 17 + 6. What is the remainder when r is divided by w?
8
Suppose 5*a + 113 - 13 = 0. Let m = 2 - a. What is the remainder when m is divided by 8?
6
Suppose 8*c = 5*l + 3*c + 150, l + 33 = 4*c. Let d = l - -42. Calculate the remainder when 49 is divided by d.
10
Suppose h = -0*h + 15. Suppose 21 = -2*k + 5*k + 3*d, 0 = 2*k + d - 12. Suppose -k*l + 140 = -0*l. Calculate the remainder when l is divided by h.
13
Let h = -14 + 26. Let g = -7 + 14. Calculate the remainder when h is divided by g.
5
Suppose -g + 2*g = 12. Let n = 35 + g. Calculate the remainder when n is divided by 12.
11
Suppose 20 - 47 = -3*r. What is the remainder when r is divided by 5?
4
What is the remainder when (-4014)/(-45) - (-1)/(-5) is divided by 23?
20
Suppose -6*j - 3*p - 23 = -7*j, 2*j = 3*p + 49. What is the remainder when j is divided by 14?
12
Suppose 2*k + 37 - 143 = 0. Calculate the remainder when k is divided by 9.
8
What is the remainder when 43 is divided by 1 - ((-20 - 2) + 1)?
21
Let d = -33 + 40. Calculate the remainder when 19 is divided by d.
5
Suppose -56 = -3*z + 7. What is the remainder when z is divided by 6?
3
Let j = -18 - -40. Suppose -2*l + j = -40. What is the remainder when l is divided by 17?
14
Suppose -7*a + 2*a + 59 = -f, 4*a - 24 = -